{"id":22258,"date":"2023-12-06T16:01:17","date_gmt":"2023-12-06T15:01:17","guid":{"rendered":"https:\/\/tekelec.ma\/?post_type=product&#038;p=22258"},"modified":"2025-08-02T16:40:04","modified_gmt":"2025-08-02T14:40:04","slug":"ventirad-thermalright-peerless-assassin-120","status":"publish","type":"product","link":"https:\/\/tekelec.ma\/index.php\/product\/ventirad-thermalright-peerless-assassin-120\/","title":{"rendered":"Ventirad Thermalright Peerless Assassin 120"},"content":{"rendered":"<p><strong>\u00c0 propos de ce produit<\/strong><\/p>\n<ul>\n<li>\u3010aper\u00e7u de la marque]\u3011Thermalright est une marque ta\u00efwanaise qui a plus de 20 ans d&rsquo;histoire. Il a une certaine popularit\u00e9 sur le march\u00e9 int\u00e9rieur et international et a une influence d\u00e9cisive sur le march\u00e9 des joueurs. La gamme de produits R &amp; D comprend: radiateur de refroidissement d\u2019air CPU, ventilateur de ch\u00e2ssis, coussin de silicium chaud, graisse de silicium chaud, Contr\u00f4leur de ventilateur CPU, support de montage anti &#8211; chute, support de montage de support, etc.<\/li>\n<li>\u3010sp\u00e9cification du produit\u3011 PA120; Taille du refroidisseur CPU: 125 (l) x135 (w) x157 (h) mm (4,92 X 5,31 X 6,18 Po); Mat\u00e9riau du dissipateur de chaleur: alliage d&rsquo;aluminium, refroidisseur CPU avec fixation m\u00e9tallique de la plate &#8211; forme Intel &amp; AMD pour une meilleure installation, refroidissement \u00e0 deux tours plus fort<\/li>\n<li>\u30102 Ventilateur PWM]\u3011TL-C12; Ventilateur PWM de taille standard: 120x120x25mm (4,72&#215;4,72&#215;0,98 Po); Poids du produit: 0,75 kg (1,65 LB); Vitesse du ventilateur (tr\/min): 1500tr\/ min\u00b110%; Port d&rsquo;alimentation: 4 minutes; Tension: 12V; D\u00e9bit d&rsquo;air: 66,17 CFM (maximum); Niveau sonore\u226425,6db (A), laissant place \u00e0 la puce m\u00e9moire (RAM) pour l&rsquo;installation illimit\u00e9e du refroidisseur de glace CPU<\/li>\n<li>\u3010Technologie AGHP\u3011la technologie aghp est adopt\u00e9e pour le tuyau de chaleur de 6\u00d76mm afin de r\u00e9soudre l&rsquo;effet anti &#8211; gravit\u00e9 caus\u00e9 par l&rsquo;orientation verticale \/ horizontale. 6 tubes de chaleur fritt\u00e9s en cuivre pur et ventilateur PWM, base en cuivre pur et proc\u00e9d\u00e9 de soudage par Reflow enti\u00e8rement \u00e9lectroplaqu\u00e9, correspondant au ventilateur d&rsquo;air ultra silencieux lorsque le refroidisseur du processeur fonctionne.<\/li>\n<li>\u3010Compatibilit\u00e9]\u3011prise en charge du refroidisseur de processeur: Intel: 1150\/1151\/1155\/1156\/1200\/1700\/ 2066\/2011;AMD: AM4 \/AM5; Pour diff\u00e9rentes plates &#8211; formes de prise CPU, des plaques de montage ou des attaches appropri\u00e9es sont fournies.<\/li>\n<\/ul>\n","protected":false},"excerpt":{"rendered":"<p>Compatible AMD AM4\/AM5 et Intel 1700\/1150\/1151\/1200\/2011\/2066<br \/>\nLongueur 125 mm x Largeur 135 mm x Hauteur 157 mm<br \/>\nMasse : 750g<br \/>\n6 Caloducs de 6mm<br \/>\nAilettes de 0,4 mm \/ Espacement : 1,8 mm<br \/>\nBase en cuivre pur C1100 plaqu\u00e9 nickel<\/p>\n","protected":false},"featured_media":22259,"comment_status":"open","ping_status":"closed","template":"","meta":[],"product_brand":[],"product_cat":[345,309],"product_tag":[],"class_list":{"0":"post-22258","1":"product","2":"type-product","3":"status-publish","4":"has-post-thumbnail","6":"product_cat-sur-commande","7":"product_cat-ventirad","9":"first","10":"onbackorder","11":"sale","12":"shipping-taxable","13":"purchasable","14":"product-type-simple"},"aioseo_notices":[],"jetpack_sharing_enabled":true,"_links":{"self":[{"href":"https:\/\/tekelec.ma\/index.php\/wp-json\/wp\/v2\/product\/22258","targetHints":{"allow":["GET"]}}],"collection":[{"href":"https:\/\/tekelec.ma\/index.php\/wp-json\/wp\/v2\/product"}],"about":[{"href":"https:\/\/tekelec.ma\/index.php\/wp-json\/wp\/v2\/types\/product"}],"replies":[{"embeddable":true,"href":"https:\/\/tekelec.ma\/index.php\/wp-json\/wp\/v2\/comments?post=22258"}],"version-history":[{"count":1,"href":"https:\/\/tekelec.ma\/index.php\/wp-json\/wp\/v2\/product\/22258\/revisions"}],"predecessor-version":[{"id":24429,"href":"https:\/\/tekelec.ma\/index.php\/wp-json\/wp\/v2\/product\/22258\/revisions\/24429"}],"wp:featuredmedia":[{"embeddable":true,"href":"https:\/\/tekelec.ma\/index.php\/wp-json\/wp\/v2\/media\/22259"}],"wp:attachment":[{"href":"https:\/\/tekelec.ma\/index.php\/wp-json\/wp\/v2\/media?parent=22258"}],"wp:term":[{"taxonomy":"product_brand","embeddable":true,"href":"https:\/\/tekelec.ma\/index.php\/wp-json\/wp\/v2\/product_brand?post=22258"},{"taxonomy":"product_cat","embeddable":true,"href":"https:\/\/tekelec.ma\/index.php\/wp-json\/wp\/v2\/product_cat?post=22258"},{"taxonomy":"product_tag","embeddable":true,"href":"https:\/\/tekelec.ma\/index.php\/wp-json\/wp\/v2\/product_tag?post=22258"}],"curies":[{"name":"wp","href":"https:\/\/api.w.org\/{rel}","templated":true}]}}