{"id":22639,"date":"2023-12-17T17:59:53","date_gmt":"2023-12-17T16:59:53","guid":{"rendered":"https:\/\/tekelec.ma\/?post_type=product&#038;p=22639"},"modified":"2025-07-30T19:36:40","modified_gmt":"2025-07-30T17:36:40","slug":"intel-core-i5-12400f-2-5-ghz-4-4-ghz","status":"publish","type":"product","link":"https:\/\/tekelec.ma\/index.php\/product\/intel-core-i5-12400f-2-5-ghz-4-4-ghz\/","title":{"rendered":"Intel Core i5 12400F (2.5 GHz \/ 4.4 GHz)"},"content":{"rendered":"<div class=\"col-lg-6\">\n<div class=\"product-tabs tabs\">\n<ul class=\"nav nav-tabs\">\n<li class=\"nav-item h4\"><strong><a class=\"nav-link active\" href=\"https:\/\/www.ultrapc.ma\/processeurs\/4703-intel-core-i5-12400f-25-ghz-44-ghz-processeurs.html#description\" data-toggle=\"tab\">Description<\/a><\/strong><\/li>\n<\/ul>\n<div id=\"tab-content\" class=\"tab-content\">\n<div id=\"description\" class=\"tab-pane fade show active\">\n<div class=\"product-description\">\n<p>Avec plus de coeurs et plus de puissance, les\u00a0processeurs Intel de 12\u00e8me g\u00e9n\u00e9ration\u00a0(Alder Lake) sont pr\u00eats pour les jeux nouvelle g\u00e9n\u00e9ration, les cartes graphiques\u00a0PCI-Express 5.0\u00a0ou encore la\u00a0RAM DDR5. Ils vous permettront de concevoir des machines puissantes capables de s\u2019acquitter de toutes les t\u00e2ches, des jeux vid\u00e9o en passant par les applications de productivit\u00e9 ou le multit\u00e2che intensif.<\/p>\n<\/div>\n<\/div>\n<\/div>\n<\/div>\n<\/div>\n<div class=\"col-lg-6\">\n<div id=\"product-details\" style=\"box-sizing: inherit;\" data-product=\"{&quot;id_shop_default&quot;:&quot;1&quot;,&quot;id_manufacturer&quot;:&quot;2&quot;,&quot;id_supplier&quot;:&quot;0&quot;,&quot;reference&quot;:&quot;5032037237758&quot;,&quot;is_virtual&quot;:&quot;0&quot;,&quot;delivery_in_stock&quot;:&quot;&quot;,&quot;delivery_out_stock&quot;:&quot;&quot;,&quot;id_category_default&quot;:&quot;21&quot;,&quot;on_sale&quot;:&quot;0&quot;,&quot;online_only&quot;:&quot;0&quot;,&quot;ecotax&quot;:0,&quot;minimal_quantity&quot;:&quot;1&quot;,&quot;low_stock_threshold&quot;:null,&quot;low_stock_alert&quot;:&quot;0&quot;,&quot;price&quot;:&quot;1\\u202f999,00\\u00a0MAD&quot;,&quot;unity&quot;:&quot;&quot;,&quot;unit_price_ratio&quot;:&quot;0.000000&quot;,&quot;additional_shipping_cost&quot;:&quot;0.000000&quot;,&quot;customizable&quot;:&quot;0&quot;,&quot;text_fields&quot;:&quot;0&quot;,&quot;uploadable_files&quot;:&quot;0&quot;,&quot;redirect_type&quot;:&quot;404&quot;,&quot;id_type_redirected&quot;:&quot;0&quot;,&quot;available_for_order&quot;:&quot;1&quot;,&quot;available_date&quot;:&quot;0000-00-00&quot;,&quot;show_condition&quot;:&quot;1&quot;,&quot;condition&quot;:&quot;new&quot;,&quot;show_price&quot;:&quot;1&quot;,&quot;indexed&quot;:&quot;1&quot;,&quot;visibility&quot;:&quot;both&quot;,&quot;cache_default_attribute&quot;:&quot;0&quot;,&quot;advanced_stock_management&quot;:&quot;0&quot;,&quot;date_add&quot;:&quot;2022-03-16 16:13:26&quot;,&quot;date_upd&quot;:&quot;2023-12-07 23:07:01&quot;,&quot;pack_stock_type&quot;:&quot;3&quot;,&quot;meta_description&quot;:&quot;Processeur 6-Core (6 Performance-Cores) 12-Threads Socket 1700 Cache L3 18 Mo 0.010 micron (version bo\\u00eete avec ventilateur)&quot;,&quot;meta_keywords&quot;:&quot;Intel Core i5 12400F (2.5 GHz \\\/ 4.4 GHz), Intel, Processeurs&quot;,&quot;meta_title&quot;:&quot;Intel Core i5 12400F (2.5 GHz \\\/ 4.4 GHz) Processeurs Intel Maroc&quot;,&quot;link_rewrite&quot;:&quot;intel-core-i5-12400f-25-ghz-44-ghz-processeurs&quot;,&quot;name&quot;:&quot;Intel Core i5 12400F (2.5 GHz \\\/ 4.4 GHz)&quot;,&quot;description&quot;:&quot;&lt;p&gt;&lt;span style=\\&quot;color: #505050; font-family: Montserrat, sans-serif; font-size: 13px; text-align: justify; background-color: #ffffff;\\&quot;&gt;Avec plus de coeurs et plus de puissance, les&lt;\\\/span&gt;&lt;span style=\\&quot;box-sizing: border-box; font-weight: 600; margin: 0px; padding: 0px; border: 0px; font-variant-numeric: inherit; font-variant-east-asian: inherit; font-stretch: inherit; font-size: 13px; line-height: inherit; font-family: Montserrat, sans-serif; vertical-align: baseline; color: #505050; text-align: justify; background-color: #ffffff;\\&quot;&gt;\\u00a0processeurs Intel de 12\\u00e8me g\\u00e9n\\u00e9ration&lt;\\\/span&gt;&lt;span style=\\&quot;color: #505050; font-family: Montserrat, sans-serif; font-size: 13px; text-align: justify; background-color: #ffffff;\\&quot;&gt;\\u00a0(Alder Lake) sont pr\\u00eats pour les jeux nouvelle g\\u00e9n\\u00e9ration, les cartes graphiques&lt;\\\/span&gt;&lt;span style=\\&quot;box-sizing: border-box; font-weight: 600; margin: 0px; padding: 0px; border: 0px; font-variant-numeric: inherit; font-variant-east-asian: inherit; font-stretch: inherit; font-size: 13px; line-height: inherit; font-family: Montserrat, sans-serif; vertical-align: baseline; color: #505050; text-align: justify; background-color: #ffffff;\\&quot;&gt;\\u00a0PCI-Express 5.0\\u00a0&lt;\\\/span&gt;&lt;span style=\\&quot;color: #505050; font-family: Montserrat, sans-serif; font-size: 13px; text-align: justify; background-color: #ffffff;\\&quot;&gt;ou encore la&lt;\\\/span&gt;&lt;span style=\\&quot;box-sizing: border-box; font-weight: 600; margin: 0px; padding: 0px; border: 0px; font-variant-numeric: inherit; font-variant-east-asian: inherit; font-stretch: inherit; font-size: 13px; line-height: inherit; font-family: Montserrat, sans-serif; vertical-align: baseline; color: #505050; text-align: justify; background-color: #ffffff;\\&quot;&gt;\\u00a0RAM DDR5&lt;\\\/span&gt;&lt;span style=\\&quot;color: #505050; font-family: Montserrat, sans-serif; font-size: 13px; text-align: justify; background-color: #ffffff;\\&quot;&gt;. Ils vous permettront de concevoir des machines puissantes capables de s\\u2019acquitter de toutes les t\\u00e2ches, des jeux vid\\u00e9o en passant par les applications de productivit\\u00e9 ou le multit\\u00e2che intensif.&lt;\\\/span&gt;&lt;\\\/p&gt;&quot;,&quot;description_short&quot;:&quot;&lt;p&gt;Processeur 6-Core (6 Performance-Cores) 12-Threads Socket 1700 Cache L3 18 Mo 0.010 micron (version bo\\u00eete avec ventilateur)&lt;\\\/p&gt;&quot;,&quot;available_now&quot;:&quot;Produit en stock&quot;,&quot;available_later&quot;:&quot;Sur commande 12 \\u00e0 21 jours&quot;,&quot;id&quot;:4703,&quot;id_product&quot;:4703,&quot;out_of_stock&quot;:2,&quot;new&quot;:0,&quot;id_product_attribute&quot;:&quot;0&quot;,&quot;quantity_wanted&quot;:1,&quot;extraContent&quot;:[],&quot;allow_oosp&quot;:0,&quot;category&quot;:&quot;processeurs&quot;,&quot;category_name&quot;:&quot;Processeurs&quot;,&quot;link&quot;:&quot;https:\\\/\\\/www.ultrapc.ma\\\/processeurs\\\/4703-intel-core-i5-12400f-25-ghz-44-ghz-processeurs.html&quot;,&quot;attribute_price&quot;:0,&quot;price_tax_exc&quot;:1665.83333300000003873719833791255950927734375,&quot;price_without_reduction&quot;:2299,&quot;reduction&quot;:300,&quot;specific_prices&quot;:{&quot;id_specific_price&quot;:&quot;1885&quot;,&quot;id_specific_price_rule&quot;:&quot;0&quot;,&quot;id_cart&quot;:&quot;0&quot;,&quot;id_product&quot;:&quot;4703&quot;,&quot;id_shop&quot;:&quot;1&quot;,&quot;id_shop_group&quot;:&quot;0&quot;,&quot;id_currency&quot;:&quot;0&quot;,&quot;id_country&quot;:&quot;0&quot;,&quot;id_group&quot;:&quot;0&quot;,&quot;id_customer&quot;:&quot;0&quot;,&quot;id_product_attribute&quot;:&quot;0&quot;,&quot;price&quot;:&quot;-1.000000&quot;,&quot;from_quantity&quot;:&quot;1&quot;,&quot;reduction&quot;:&quot;300.000000&quot;,&quot;reduction_tax&quot;:&quot;1&quot;,&quot;reduction_type&quot;:&quot;amount&quot;,&quot;from&quot;:&quot;0000-00-00 00:00:00&quot;,&quot;to&quot;:&quot;0000-00-00 00:00:00&quot;,&quot;score&quot;:&quot;48&quot;},&quot;quantity&quot;:20,&quot;quantity_all_versions&quot;:20,&quot;id_image&quot;:&quot;fr-default&quot;,&quot;features&quot;:[{&quot;name&quot;:&quot;Gamme processeur&quot;,&quot;value&quot;:&quot;Intel Core i5&quot;,&quot;id_feature&quot;:&quot;8&quot;,&quot;position&quot;:&quot;0&quot;},{&quot;name&quot;:&quot;Socket&quot;,&quot;value&quot;:&quot;Intel 1700&quot;,&quot;id_feature&quot;:&quot;17&quot;,&quot;position&quot;:&quot;1&quot;},{&quot;name&quot;:&quot;Fr\\u00e9quence CPU&quot;,&quot;value&quot;:&quot;2.5 Ghz&quot;,&quot;id_feature&quot;:&quot;10&quot;,&quot;position&quot;:&quot;2&quot;},{&quot;name&quot;:&quot;Fr\\u00e9quence en mode Turbo&quot;,&quot;value&quot;:&quot;4.4 Ghz&quot;,&quot;id_feature&quot;:&quot;11&quot;,&quot;position&quot;:&quot;3&quot;},{&quot;name&quot;:&quot;Nombre de coeurs &quot;,&quot;value&quot;:&quot;6&quot;,&quot;id_feature&quot;:&quot;13&quot;,&quot;position&quot;:&quot;4&quot;},{&quot;name&quot;:&quot;Nombre de threads&quot;,&quot;value&quot;:&quot;12&quot;,&quot;id_feature&quot;:&quot;14&quot;,&quot;position&quot;:&quot;5&quot;},{&quot;name&quot;:&quot;Cache total&quot;,&quot;value&quot;:&quot;18 MB&quot;,&quot;id_feature&quot;:&quot;15&quot;,&quot;position&quot;:&quot;6&quot;},{&quot;name&quot;:&quot;GPU int\\u00e9gr\\u00e9e&quot;,&quot;value&quot;:&quot;Non&quot;,&quot;id_feature&quot;:&quot;223&quot;,&quot;position&quot;:&quot;7&quot;},{&quot;name&quot;:&quot;Ventilateur fourni&quot;,&quot;value&quot;:&quot;Oui&quot;,&quot;id_feature&quot;:&quot;222&quot;,&quot;position&quot;:&quot;8&quot;},{&quot;name&quot;:&quot;Garantie&quot;,&quot;value&quot;:&quot;12 Mois&quot;,&quot;id_feature&quot;:&quot;44&quot;,&quot;position&quot;:&quot;178&quot;}],&quot;attachments&quot;:[],&quot;virtual&quot;:0,&quot;pack&quot;:0,&quot;packItems&quot;:[],&quot;nopackprice&quot;:0,&quot;customization_required&quot;:false,&quot;rate&quot;:20,&quot;tax_name&quot;:&quot;TVA MA 20%&quot;,&quot;ecotax_rate&quot;:0,&quot;unit_price&quot;:&quot;&quot;,&quot;customizations&quot;:{&quot;fields&quot;:[]},&quot;id_customization&quot;:0,&quot;is_customizable&quot;:false,&quot;show_quantities&quot;:true,&quot;quantity_label&quot;:&quot;Produits&quot;,&quot;quantity_discounts&quot;:[],&quot;customer_group_discount&quot;:0,&quot;images&quot;:[{&quot;bySize&quot;:{&quot;small_default&quot;:{&quot;url&quot;:&quot;https:\\\/\\\/www.ultrapc.ma\\\/22862-small_default\\\/intel-core-i5-12400f-25-ghz-44-ghz-processeurs.jpg&quot;,&quot;width&quot;:50,&quot;height&quot;:50},&quot;cart_default&quot;:{&quot;url&quot;:&quot;https:\\\/\\\/www.ultrapc.ma\\\/22862-cart_default\\\/intel-core-i5-12400f-25-ghz-44-ghz-processeurs.jpg&quot;,&quot;width&quot;:100,&quot;height&quot;:100},&quot;home_default&quot;:{&quot;url&quot;:&quot;https:\\\/\\\/www.ultrapc.ma\\\/22862-home_default\\\/intel-core-i5-12400f-25-ghz-44-ghz-processeurs.jpg&quot;,&quot;width&quot;:280,&quot;height&quot;:280},&quot;large_default&quot;:{&quot;url&quot;:&quot;https:\\\/\\\/www.ultrapc.ma\\\/22862-large_default\\\/intel-core-i5-12400f-25-ghz-44-ghz-processeurs.jpg&quot;,&quot;width&quot;:600,&quot;height&quot;:600},&quot;medium_default&quot;:{&quot;url&quot;:&quot;https:\\\/\\\/www.ultrapc.ma\\\/22862-medium_default\\\/intel-core-i5-12400f-25-ghz-44-ghz-processeurs.jpg&quot;,&quot;width&quot;:600,&quot;height&quot;:600},&quot;large_banner&quot;:{&quot;url&quot;:&quot;https:\\\/\\\/www.ultrapc.ma\\\/22862-large_banner\\\/intel-core-i5-12400f-25-ghz-44-ghz-processeurs.jpg&quot;,&quot;width&quot;:1140,&quot;height&quot;:400}},&quot;small&quot;:{&quot;url&quot;:&quot;https:\\\/\\\/www.ultrapc.ma\\\/22862-small_default\\\/intel-core-i5-12400f-25-ghz-44-ghz-processeurs.jpg&quot;,&quot;width&quot;:50,&quot;height&quot;:50},&quot;medium&quot;:{&quot;url&quot;:&quot;https:\\\/\\\/www.ultrapc.ma\\\/22862-large_default\\\/intel-core-i5-12400f-25-ghz-44-ghz-processeurs.jpg&quot;,&quot;width&quot;:600,&quot;height&quot;:600},&quot;large&quot;:{&quot;url&quot;:&quot;https:\\\/\\\/www.ultrapc.ma\\\/22862-large_banner\\\/intel-core-i5-12400f-25-ghz-44-ghz-processeurs.jpg&quot;,&quot;width&quot;:1140,&quot;height&quot;:400},&quot;legend&quot;:&quot;Intel Core i5 12400F (2.5 GHz \\\/ 4.4 GHz) Processeurs Intel, Ultra Pc Gamer Maroc&quot;,&quot;id_image&quot;:&quot;22862&quot;,&quot;cover&quot;:&quot;1&quot;,&quot;position&quot;:&quot;1&quot;,&quot;associatedVariants&quot;:[]},{&quot;bySize&quot;:{&quot;small_default&quot;:{&quot;url&quot;:&quot;https:\\\/\\\/www.ultrapc.ma\\\/18976-small_default\\\/intel-core-i5-12400f-25-ghz-44-ghz-processeurs.jpg&quot;,&quot;width&quot;:50,&quot;height&quot;:50},&quot;cart_default&quot;:{&quot;url&quot;:&quot;https:\\\/\\\/www.ultrapc.ma\\\/18976-cart_default\\\/intel-core-i5-12400f-25-ghz-44-ghz-processeurs.jpg&quot;,&quot;width&quot;:100,&quot;height&quot;:100},&quot;home_default&quot;:{&quot;url&quot;:&quot;https:\\\/\\\/www.ultrapc.ma\\\/18976-home_default\\\/intel-core-i5-12400f-25-ghz-44-ghz-processeurs.jpg&quot;,&quot;width&quot;:280,&quot;height&quot;:280},&quot;large_default&quot;:{&quot;url&quot;:&quot;https:\\\/\\\/www.ultrapc.ma\\\/18976-large_default\\\/intel-core-i5-12400f-25-ghz-44-ghz-processeurs.jpg&quot;,&quot;width&quot;:600,&quot;height&quot;:600},&quot;medium_default&quot;:{&quot;url&quot;:&quot;https:\\\/\\\/www.ultrapc.ma\\\/18976-medium_default\\\/intel-core-i5-12400f-25-ghz-44-ghz-processeurs.jpg&quot;,&quot;width&quot;:600,&quot;height&quot;:600},&quot;large_banner&quot;:{&quot;url&quot;:&quot;https:\\\/\\\/www.ultrapc.ma\\\/18976-large_banner\\\/intel-core-i5-12400f-25-ghz-44-ghz-processeurs.jpg&quot;,&quot;width&quot;:1140,&quot;height&quot;:400}},&quot;small&quot;:{&quot;url&quot;:&quot;https:\\\/\\\/www.ultrapc.ma\\\/18976-small_default\\\/intel-core-i5-12400f-25-ghz-44-ghz-processeurs.jpg&quot;,&quot;width&quot;:50,&quot;height&quot;:50},&quot;medium&quot;:{&quot;url&quot;:&quot;https:\\\/\\\/www.ultrapc.ma\\\/18976-large_default\\\/intel-core-i5-12400f-25-ghz-44-ghz-processeurs.jpg&quot;,&quot;width&quot;:600,&quot;height&quot;:600},&quot;large&quot;:{&quot;url&quot;:&quot;https:\\\/\\\/www.ultrapc.ma\\\/18976-large_banner\\\/intel-core-i5-12400f-25-ghz-44-ghz-processeurs.jpg&quot;,&quot;width&quot;:1140,&quot;height&quot;:400},&quot;legend&quot;:&quot;Intel Core i5 12400F (2.5 GHz \\\/ 4.4 GHz) Processeurs Intel, Ultra Pc Gamer Maroc&quot;,&quot;id_image&quot;:&quot;18976&quot;,&quot;cover&quot;:null,&quot;position&quot;:&quot;2&quot;,&quot;associatedVariants&quot;:[]},{&quot;bySize&quot;:{&quot;small_default&quot;:{&quot;url&quot;:&quot;https:\\\/\\\/www.ultrapc.ma\\\/18977-small_default\\\/intel-core-i5-12400f-25-ghz-44-ghz-processeurs.jpg&quot;,&quot;width&quot;:50,&quot;height&quot;:50},&quot;cart_default&quot;:{&quot;url&quot;:&quot;https:\\\/\\\/www.ultrapc.ma\\\/18977-cart_default\\\/intel-core-i5-12400f-25-ghz-44-ghz-processeurs.jpg&quot;,&quot;width&quot;:100,&quot;height&quot;:100},&quot;home_default&quot;:{&quot;url&quot;:&quot;https:\\\/\\\/www.ultrapc.ma\\\/18977-home_default\\\/intel-core-i5-12400f-25-ghz-44-ghz-processeurs.jpg&quot;,&quot;width&quot;:280,&quot;height&quot;:280},&quot;large_default&quot;:{&quot;url&quot;:&quot;https:\\\/\\\/www.ultrapc.ma\\\/18977-large_default\\\/intel-core-i5-12400f-25-ghz-44-ghz-processeurs.jpg&quot;,&quot;width&quot;:600,&quot;height&quot;:600},&quot;medium_default&quot;:{&quot;url&quot;:&quot;https:\\\/\\\/www.ultrapc.ma\\\/18977-medium_default\\\/intel-core-i5-12400f-25-ghz-44-ghz-processeurs.jpg&quot;,&quot;width&quot;:600,&quot;height&quot;:600},&quot;large_banner&quot;:{&quot;url&quot;:&quot;https:\\\/\\\/www.ultrapc.ma\\\/18977-large_banner\\\/intel-core-i5-12400f-25-ghz-44-ghz-processeurs.jpg&quot;,&quot;width&quot;:1140,&quot;height&quot;:400}},&quot;small&quot;:{&quot;url&quot;:&quot;https:\\\/\\\/www.ultrapc.ma\\\/18977-small_default\\\/intel-core-i5-12400f-25-ghz-44-ghz-processeurs.jpg&quot;,&quot;width&quot;:50,&quot;height&quot;:50},&quot;medium&quot;:{&quot;url&quot;:&quot;https:\\\/\\\/www.ultrapc.ma\\\/18977-large_default\\\/intel-core-i5-12400f-25-ghz-44-ghz-processeurs.jpg&quot;,&quot;width&quot;:600,&quot;height&quot;:600},&quot;large&quot;:{&quot;url&quot;:&quot;https:\\\/\\\/www.ultrapc.ma\\\/18977-large_banner\\\/intel-core-i5-12400f-25-ghz-44-ghz-processeurs.jpg&quot;,&quot;width&quot;:1140,&quot;height&quot;:400},&quot;legend&quot;:&quot;Intel Core i5 12400F (2.5 GHz \\\/ 4.4 GHz) Processeurs Intel, Ultra Pc Gamer Maroc&quot;,&quot;id_image&quot;:&quot;18977&quot;,&quot;cover&quot;:null,&quot;position&quot;:&quot;3&quot;,&quot;associatedVariants&quot;:[]}],&quot;cover&quot;:{&quot;bySize&quot;:{&quot;small_default&quot;:{&quot;url&quot;:&quot;https:\\\/\\\/www.ultrapc.ma\\\/22862-small_default\\\/intel-core-i5-12400f-25-ghz-44-ghz-processeurs.jpg&quot;,&quot;width&quot;:50,&quot;height&quot;:50},&quot;cart_default&quot;:{&quot;url&quot;:&quot;https:\\\/\\\/www.ultrapc.ma\\\/22862-cart_default\\\/intel-core-i5-12400f-25-ghz-44-ghz-processeurs.jpg&quot;,&quot;width&quot;:100,&quot;height&quot;:100},&quot;home_default&quot;:{&quot;url&quot;:&quot;https:\\\/\\\/www.ultrapc.ma\\\/22862-home_default\\\/intel-core-i5-12400f-25-ghz-44-ghz-processeurs.jpg&quot;,&quot;width&quot;:280,&quot;height&quot;:280},&quot;large_default&quot;:{&quot;url&quot;:&quot;https:\\\/\\\/www.ultrapc.ma\\\/22862-large_default\\\/intel-core-i5-12400f-25-ghz-44-ghz-processeurs.jpg&quot;,&quot;width&quot;:600,&quot;height&quot;:600},&quot;medium_default&quot;:{&quot;url&quot;:&quot;https:\\\/\\\/www.ultrapc.ma\\\/22862-medium_default\\\/intel-core-i5-12400f-25-ghz-44-ghz-processeurs.jpg&quot;,&quot;width&quot;:600,&quot;height&quot;:600},&quot;large_banner&quot;:{&quot;url&quot;:&quot;https:\\\/\\\/www.ultrapc.ma\\\/22862-large_banner\\\/intel-core-i5-12400f-25-ghz-44-ghz-processeurs.jpg&quot;,&quot;width&quot;:1140,&quot;height&quot;:400}},&quot;small&quot;:{&quot;url&quot;:&quot;https:\\\/\\\/www.ultrapc.ma\\\/22862-small_default\\\/intel-core-i5-12400f-25-ghz-44-ghz-processeurs.jpg&quot;,&quot;width&quot;:50,&quot;height&quot;:50},&quot;medium&quot;:{&quot;url&quot;:&quot;https:\\\/\\\/www.ultrapc.ma\\\/22862-large_default\\\/intel-core-i5-12400f-25-ghz-44-ghz-processeurs.jpg&quot;,&quot;width&quot;:600,&quot;height&quot;:600},&quot;large&quot;:{&quot;url&quot;:&quot;https:\\\/\\\/www.ultrapc.ma\\\/22862-large_banner\\\/intel-core-i5-12400f-25-ghz-44-ghz-processeurs.jpg&quot;,&quot;width&quot;:1140,&quot;height&quot;:400},&quot;legend&quot;:&quot;Intel Core i5 12400F (2.5 GHz \\\/ 4.4 GHz) Processeurs Intel, Ultra Pc Gamer Maroc&quot;,&quot;id_image&quot;:&quot;22862&quot;,&quot;cover&quot;:&quot;1&quot;,&quot;position&quot;:&quot;1&quot;,&quot;associatedVariants&quot;:[]},&quot;has_discount&quot;:true,&quot;discount_type&quot;:&quot;amount&quot;,&quot;discount_percentage&quot;:&quot;-30\\u202f000%&quot;,&quot;discount_percentage_absolute&quot;:&quot;30\\u202f000%&quot;,&quot;discount_amount&quot;:&quot;300,00\\u00a0MAD&quot;,&quot;discount_amount_to_display&quot;:&quot;-300,00\\u00a0MAD&quot;,&quot;price_amount&quot;:1999,&quot;unit_price_full&quot;:&quot;&quot;,&quot;show_availability&quot;:true,&quot;availability_date&quot;:null,&quot;availability_message&quot;:&quot;Produit en stock&quot;,&quot;availability&quot;:&quot;available&quot;}\">\n<section class=\"product-features mb-3\">\n<p class=\"product-details-title h4 py-2\"><em><strong>Fiche technique<\/strong><\/em><\/p>\n<dl class=\"data-sheet d-flex flex-wrap justify-content-between m-0\">\n<dt class=\"name mb-1 p-2\">Gamme processeur<\/dt>\n<dd class=\"value mb-1 p-2\">Intel Core i5<\/dd>\n<dt class=\"name mb-1 p-2\">Socket<\/dt>\n<dd class=\"value mb-1 p-2\">Intel 1700<\/dd>\n<dt class=\"name mb-1 p-2\">Fr\u00e9quence CPU<\/dt>\n<dd class=\"value mb-1 p-2\">2.5 Ghz<\/dd>\n<dt class=\"name mb-1 p-2\">Fr\u00e9quence en mode Turbo<\/dt>\n<dd class=\"value mb-1 p-2\">4.4 Ghz<\/dd>\n<dt class=\"name mb-1 p-2\">Nombre de coeurs<\/dt>\n<dd class=\"value mb-1 p-2\">6<\/dd>\n<dt class=\"name mb-1 p-2\">Nombre de threads<\/dt>\n<dd class=\"value mb-1 p-2\">12<\/dd>\n<dt class=\"name mb-1 p-2\">Cache total<\/dt>\n<dd class=\"value mb-1 p-2\">18 MB<\/dd>\n<dt class=\"name mb-1 p-2\">GPU int\u00e9gr\u00e9e<\/dt>\n<dd class=\"value mb-1 p-2\">Non<\/dd>\n<dt class=\"name mb-1 p-2\">Ventilateur fourni<\/dt>\n<dd class=\"value mb-1 p-2\">Oui<\/dd>\n<\/dl>\n<\/section>\n<\/div>\n<\/div>\n","protected":false},"excerpt":{"rendered":"<p>Processeur 6-Core (6 Performance-Cores) 12-Threads Socket 1700 Cache L3 18 Mo 0.010 micron (version bo\u00eete avec ventilateur)<\/p>\n","protected":false},"featured_media":22640,"comment_status":"open","ping_status":"closed","template":"","meta":[],"product_brand":[190],"product_cat":[307,345],"product_tag":[],"class_list":{"0":"post-22639","1":"product","2":"type-product","3":"status-publish","4":"has-post-thumbnail","6":"product_brand-intel","7":"product_cat-processeurs","8":"product_cat-sur-commande","10":"first","11":"onbackorder","12":"sale","13":"shipping-taxable","14":"purchasable","15":"product-type-simple"},"aioseo_notices":[],"jetpack_sharing_enabled":true,"_links":{"self":[{"href":"https:\/\/tekelec.ma\/index.php\/wp-json\/wp\/v2\/product\/22639","targetHints":{"allow":["GET"]}}],"collection":[{"href":"https:\/\/tekelec.ma\/index.php\/wp-json\/wp\/v2\/product"}],"about":[{"href":"https:\/\/tekelec.ma\/index.php\/wp-json\/wp\/v2\/types\/product"}],"replies":[{"embeddable":true,"href":"https:\/\/tekelec.ma\/index.php\/wp-json\/wp\/v2\/comments?post=22639"}],"version-history":[{"count":1,"href":"https:\/\/tekelec.ma\/index.php\/wp-json\/wp\/v2\/product\/22639\/revisions"}],"predecessor-version":[{"id":24406,"href":"https:\/\/tekelec.ma\/index.php\/wp-json\/wp\/v2\/product\/22639\/revisions\/24406"}],"wp:featuredmedia":[{"embeddable":true,"href":"https:\/\/tekelec.ma\/index.php\/wp-json\/wp\/v2\/media\/22640"}],"wp:attachment":[{"href":"https:\/\/tekelec.ma\/index.php\/wp-json\/wp\/v2\/media?parent=22639"}],"wp:term":[{"taxonomy":"product_brand","embeddable":true,"href":"https:\/\/tekelec.ma\/index.php\/wp-json\/wp\/v2\/product_brand?post=22639"},{"taxonomy":"product_cat","embeddable":true,"href":"https:\/\/tekelec.ma\/index.php\/wp-json\/wp\/v2\/product_cat?post=22639"},{"taxonomy":"product_tag","embeddable":true,"href":"https:\/\/tekelec.ma\/index.php\/wp-json\/wp\/v2\/product_tag?post=22639"}],"curies":[{"name":"wp","href":"https:\/\/api.w.org\/{rel}","templated":true}]}}