{"id":23594,"date":"2024-01-07T14:46:50","date_gmt":"2024-01-07T13:46:50","guid":{"rendered":"https:\/\/tekelec.ma\/?post_type=product&#038;p=23594"},"modified":"2025-05-07T12:28:54","modified_gmt":"2025-05-07T10:28:54","slug":"tekelec-gamer-asus-rog-ga15dk","status":"publish","type":"product","link":"https:\/\/tekelec.ma\/index.php\/product\/tekelec-gamer-asus-rog-ga15dk\/","title":{"rendered":"Tekelec gamer Asus ROG GA15DK"},"content":{"rendered":"<p>Caract\u00e9ristiques :<\/p>\n<p>D\u00e9tails du processeur<br \/>\nProcesseur AMD Ryzen\u2122 7 5800X (8 c\u0153urs, 16 threads, 3,8 GHz \/ jusqu&rsquo;\u00e0 4,7 GHz, 36 Mo cache)<\/p>\n<p>Fr\u00e9quence du processeur<br \/>\n3,8 GHz \/ jusqu&rsquo;\u00e0 4,7 GHz<\/p>\n<p>D\u00e9tail de la carte graphique<br \/>\nNvidia GeForce RTX 3060 12 Go GDDR6<\/p>\n<p>M\u00e9moire vid\u00e9o d\u00e9di\u00e9e<br \/>\n12 Go<\/p>\n<p>Capacit\u00e9 de stockage SSD<br \/>\n1024 Go<\/p>\n<p>Taille de m\u00e9moire (RAM) Install\u00e9e<br \/>\n32 Go<\/p>\n<p>Communications sans fil<br \/>\nWi-Fi 5(802.11ac)<br \/>\nBluetooth 5.0<br \/>\nConnectique<br \/>\n1 Ethernet RJ-45<br \/>\n1 HDMI<br \/>\n3 DisplayPort<br \/>\n3 Analogique Jack microphone\/casque 3,5mm<br \/>\n7 USB 3.2 5xGen1 2xGen2<\/p>\n<p>Syst\u00e8me d&rsquo;exploitation<br \/>\nMicrosoft Windows 11<\/p>\n","protected":false},"excerpt":{"rendered":"<p class=\"thread-title\"><strong><span class=\"text--b size--all-xl size--fromW3-xxl\">PC Gaming Fixe Asus ROG GA15DK-R5800X527W &#8211; Ryzen 7 5800X, 32 Go RAM, 1 To SSD, RTX 3060 12Go<\/span><\/strong><\/p>\n<p>&nbsp;<\/p>\n","protected":false},"featured_media":23761,"comment_status":"open","ping_status":"closed","template":"","meta":[],"product_brand":[156],"product_cat":[317],"product_tag":[],"class_list":{"0":"post-23594","1":"product","2":"type-product","3":"status-publish","4":"has-post-thumbnail","6":"product_brand-asus","7":"product_cat-pc-gamer","9":"first","10":"outofstock","11":"shipping-taxable","12":"purchasable","13":"product-type-simple"},"aioseo_notices":[],"jetpack_sharing_enabled":true,"_links":{"self":[{"href":"https:\/\/tekelec.ma\/index.php\/wp-json\/wp\/v2\/product\/23594","targetHints":{"allow":["GET"]}}],"collection":[{"href":"https:\/\/tekelec.ma\/index.php\/wp-json\/wp\/v2\/product"}],"about":[{"href":"https:\/\/tekelec.ma\/index.php\/wp-json\/wp\/v2\/types\/product"}],"replies":[{"embeddable":true,"href":"https:\/\/tekelec.ma\/index.php\/wp-json\/wp\/v2\/comments?post=23594"}],"version-history":[{"count":0,"href":"https:\/\/tekelec.ma\/index.php\/wp-json\/wp\/v2\/product\/23594\/revisions"}],"wp:featuredmedia":[{"embeddable":true,"href":"https:\/\/tekelec.ma\/index.php\/wp-json\/wp\/v2\/media\/23761"}],"wp:attachment":[{"href":"https:\/\/tekelec.ma\/index.php\/wp-json\/wp\/v2\/media?parent=23594"}],"wp:term":[{"taxonomy":"product_brand","embeddable":true,"href":"https:\/\/tekelec.ma\/index.php\/wp-json\/wp\/v2\/product_brand?post=23594"},{"taxonomy":"product_cat","embeddable":true,"href":"https:\/\/tekelec.ma\/index.php\/wp-json\/wp\/v2\/product_cat?post=23594"},{"taxonomy":"product_tag","embeddable":true,"href":"https:\/\/tekelec.ma\/index.php\/wp-json\/wp\/v2\/product_tag?post=23594"}],"curies":[{"name":"wp","href":"https:\/\/api.w.org\/{rel}","templated":true}]}}