{"id":23967,"date":"2024-02-20T16:34:13","date_gmt":"2024-02-20T15:34:13","guid":{"rendered":"https:\/\/tekelec.ma\/?post_type=product&#038;p=23967"},"modified":"2025-09-14T12:08:12","modified_gmt":"2025-09-14T10:08:12","slug":"tekelec-gamer-asus-rog-strix-g16","status":"publish","type":"product","link":"https:\/\/tekelec.ma\/index.php\/product\/tekelec-gamer-asus-rog-strix-g16\/","title":{"rendered":"Tekelec Gamer | Asus Rog Strix G16"},"content":{"rendered":"<p><strong>ASUS ROG Strix G16 2023<\/strong><br \/>\n&#8211; Intel Core i9-13980HX 5,6 GHz<br \/>\n&#8211; NVIDIA GeForce RTX 4070 8Gb 140W<br \/>\n&#8211; \u00e9cran 16 pouces QHD+ 16:10 (2560 x 1600, WQXGA), 500 nits, 240Hz<br \/>\n&#8211; 16 Go DDR5-SDRAM 4800MHz (1 slot occcup\u00e9 1x16Go + 1 slot libre)<br \/>\n&#8211; 1 To SSD NVMe Gen4<br \/>\n&#8211; WIFI 6E<br \/>\n&#8211; Windows 11 Home<br \/>\n&#8211; Clavier AZERTY fran\u00e7ais (chiclet r\u00e9tro\u00e9clair\u00e9 RGB par touche)<br \/>\n&#8211; Couleur : gris et vert<\/p>\n","protected":false},"excerpt":{"rendered":"<p class=\"thread-title\"><span class=\"text--b size--all-xl size--fromW3-xxl\">Asus Rog Strix G16 &#8211; i9-13980HX, RTX 4070 (140W), 16Go RAM, 1To SSD, QHD+ 2560&#215;1600 500nits 240Hz<\/span><\/p>\n","protected":false},"featured_media":23968,"comment_status":"open","ping_status":"closed","template":"","meta":[],"product_brand":[],"product_cat":[316,317,318,345],"product_tag":[],"class_list":{"0":"post-23967","1":"product","2":"type-product","3":"status-publish","4":"has-post-thumbnail","6":"product_cat-laptop","7":"product_cat-pc-gamer","8":"product_cat-pc-pro","9":"product_cat-sur-commande","11":"first","12":"onbackorder","13":"shipping-taxable","14":"purchasable","15":"product-type-simple"},"aioseo_notices":[],"jetpack_sharing_enabled":true,"_links":{"self":[{"href":"https:\/\/tekelec.ma\/index.php\/wp-json\/wp\/v2\/product\/23967","targetHints":{"allow":["GET"]}}],"collection":[{"href":"https:\/\/tekelec.ma\/index.php\/wp-json\/wp\/v2\/product"}],"about":[{"href":"https:\/\/tekelec.ma\/index.php\/wp-json\/wp\/v2\/types\/product"}],"replies":[{"embeddable":true,"href":"https:\/\/tekelec.ma\/index.php\/wp-json\/wp\/v2\/comments?post=23967"}],"version-history":[{"count":1,"href":"https:\/\/tekelec.ma\/index.php\/wp-json\/wp\/v2\/product\/23967\/revisions"}],"predecessor-version":[{"id":24544,"href":"https:\/\/tekelec.ma\/index.php\/wp-json\/wp\/v2\/product\/23967\/revisions\/24544"}],"wp:featuredmedia":[{"embeddable":true,"href":"https:\/\/tekelec.ma\/index.php\/wp-json\/wp\/v2\/media\/23968"}],"wp:attachment":[{"href":"https:\/\/tekelec.ma\/index.php\/wp-json\/wp\/v2\/media?parent=23967"}],"wp:term":[{"taxonomy":"product_brand","embeddable":true,"href":"https:\/\/tekelec.ma\/index.php\/wp-json\/wp\/v2\/product_brand?post=23967"},{"taxonomy":"product_cat","embeddable":true,"href":"https:\/\/tekelec.ma\/index.php\/wp-json\/wp\/v2\/product_cat?post=23967"},{"taxonomy":"product_tag","embeddable":true,"href":"https:\/\/tekelec.ma\/index.php\/wp-json\/wp\/v2\/product_tag?post=23967"}],"curies":[{"name":"wp","href":"https:\/\/api.w.org\/{rel}","templated":true}]}}