{"id":24165,"date":"2025-04-30T12:52:45","date_gmt":"2025-04-30T10:52:45","guid":{"rendered":"https:\/\/tekelec.ma\/?post_type=product&#038;p=24165"},"modified":"2025-09-14T12:08:11","modified_gmt":"2025-09-14T10:08:11","slug":"lenovo-loq-15iax9","status":"publish","type":"product","link":"https:\/\/tekelec.ma\/index.php\/product\/lenovo-loq-15iax9\/","title":{"rendered":"Lenovo LOQ 15IAX9"},"content":{"rendered":"<ul class=\"showDisc pixel-md-14\">\n<li class=\"mb-2\">intel Core i5-12450HX, 8C (4P + 4E)\/12T, P-core up to 4.4GHz, E-core up to 3.1GHz, 12Mo<\/li>\n<li class=\"mb-2\">15.6&Prime; FHD (1920&#215;1080) IPS 300nits 100% sRGB 144Hz G-SYNC<\/li>\n<li class=\"mb-2\">2x 12Go SO-DIMM DDR5-4800<\/li>\n<li class=\"mb-2\">512Go SSD M.2 2242 PCIe 4.0&#215;4 NVMe<\/li>\n<li class=\"mb-2\">NVIDIA GeForce RTX 4060 8Go , Boost Clock 2370MHz, <strong>TGP 105W<\/strong><br \/>\n<b>Rejoignez le jeu<\/b><br \/>\n&#8211; Optimis\u00e9 par des processeurs Intel\u00ae Core\u2122 HX puissants et sans d\u00e9calage<br \/>\n&#8211; D\u00e9couvrez une vitesse \u00e9poustouflante avec les GPU NVIDIA\u00ae GeForce\u00a0RTX\u2122<br \/>\n&#8211; Conception thermique unique \u00e0 hyperchambre pour un gaming tout en fra\u00eecheur<br \/>\n&#8211; L&rsquo;IA r\u00e9volutionnaire ajuste les param\u00e8tres \u00e0 la vol\u00e9e&#8230;<\/li>\n<\/ul>\n<div class=\"detail-xs-content\">\n<div class=\"mt-3 radius bg-white p-3\">\n<div class=\"carac-list\">\n<ul class=\"carac-list d-flex flex-wrap flex-column flex-lg-row group\">\n<li class=\"\" style=\"list-style-type: none;\"><\/li>\n<\/ul>\n<\/div>\n<\/div>\n<\/div>\n","protected":false},"excerpt":{"rendered":"<p><strong>LENOVO LOQ 15IAX9 (i5-12450HX) 24Go RAM 512GB SSD RTX4060 TGP 105W<\/strong><\/p>\n","protected":false},"featured_media":24167,"comment_status":"open","ping_status":"closed","template":"","meta":[],"product_brand":[190,201,331],"product_cat":[316,317,318],"product_tag":[],"class_list":{"0":"post-24165","1":"product","2":"type-product","3":"status-publish","4":"has-post-thumbnail","6":"product_brand-intel","7":"product_brand-lenovo","8":"product_brand-nvidia","9":"product_cat-laptop","10":"product_cat-pc-gamer","11":"product_cat-pc-pro","13":"first","14":"instock","15":"sale","16":"shipping-taxable","17":"purchasable","18":"product-type-simple"},"aioseo_notices":[],"jetpack_sharing_enabled":true,"_links":{"self":[{"href":"https:\/\/tekelec.ma\/index.php\/wp-json\/wp\/v2\/product\/24165","targetHints":{"allow":["GET"]}}],"collection":[{"href":"https:\/\/tekelec.ma\/index.php\/wp-json\/wp\/v2\/product"}],"about":[{"href":"https:\/\/tekelec.ma\/index.php\/wp-json\/wp\/v2\/types\/product"}],"replies":[{"embeddable":true,"href":"https:\/\/tekelec.ma\/index.php\/wp-json\/wp\/v2\/comments?post=24165"}],"version-history":[{"count":1,"href":"https:\/\/tekelec.ma\/index.php\/wp-json\/wp\/v2\/product\/24165\/revisions"}],"predecessor-version":[{"id":24480,"href":"https:\/\/tekelec.ma\/index.php\/wp-json\/wp\/v2\/product\/24165\/revisions\/24480"}],"wp:featuredmedia":[{"embeddable":true,"href":"https:\/\/tekelec.ma\/index.php\/wp-json\/wp\/v2\/media\/24167"}],"wp:attachment":[{"href":"https:\/\/tekelec.ma\/index.php\/wp-json\/wp\/v2\/media?parent=24165"}],"wp:term":[{"taxonomy":"product_brand","embeddable":true,"href":"https:\/\/tekelec.ma\/index.php\/wp-json\/wp\/v2\/product_brand?post=24165"},{"taxonomy":"product_cat","embeddable":true,"href":"https:\/\/tekelec.ma\/index.php\/wp-json\/wp\/v2\/product_cat?post=24165"},{"taxonomy":"product_tag","embeddable":true,"href":"https:\/\/tekelec.ma\/index.php\/wp-json\/wp\/v2\/product_tag?post=24165"}],"curies":[{"name":"wp","href":"https:\/\/api.w.org\/{rel}","templated":true}]}}