{"id":24572,"date":"2025-07-30T11:20:10","date_gmt":"2025-07-30T09:20:10","guid":{"rendered":"https:\/\/tekelec.ma\/?post_type=product&#038;p=24572"},"modified":"2025-07-30T19:35:57","modified_gmt":"2025-07-30T17:35:57","slug":"sapphire-pulse-amd-radeon-rx-7600","status":"publish","type":"product","link":"https:\/\/tekelec.ma\/index.php\/product\/sapphire-pulse-amd-radeon-rx-7600\/","title":{"rendered":"Sapphire Pulse AMD Radeon RX 7600"},"content":{"rendered":"<p><strong>Caract\u00e9ristiques Techniques<\/strong><br \/>\nArchitecture du chipset graphique : RDNA3<br \/>\nBus : PCI Express 4.0<br \/>\nM\u00e9moire : 8 Go GDDR6<br \/>\nFr\u00e9quence d&rsquo;horloge<\/p>\n<ul>\n<li>Base : 1500 MHz<\/li>\n<li>Game : 2355 MHz<\/li>\n<li>Boost : 2755 MHz<\/li>\n<\/ul>\n<p>Bande passante m\u00e9moire : 18 Gbps<br \/>\nInterface m\u00e9moire : 128 bit<br \/>\nFinesse de gravure : 6 nm<br \/>\nProcesseurs de flux : 2048<br \/>\nUnit\u00e9s de calcul : 32<br \/>\nUnit\u00e9s de texture : 128<br \/>\nROP : 64<br \/>\nTechnologies support\u00e9es<\/p>\n<ul>\n<li>DirectX\u00ae 12 Ultimate<\/li>\n<li>Raytracing mat\u00e9riel<\/li>\n<li>AMD FreeSync<\/li>\n<li>Radeon\u2122 VR Ready Premium<\/li>\n<li>AMD FidelityFX Super Resolution<\/li>\n<li>Radeon\u2122 Image Sharpening<\/li>\n<li>Radeon\u2122 Anti-Lag<\/li>\n<li>Radeon\u2122 Software<\/li>\n<\/ul>\n<p>Compatible VR (R\u00e9alit\u00e9 virtuelle) : Oui<br \/>\nR\u00e9solution maximale : 7680 x 4320<br \/>\nSorties<\/p>\n<ul>\n<li>3 x DisplayPort 1.4a<\/li>\n<li>1 x HDMI 2.1<\/li>\n<\/ul>\n<p>Remarque : cette carte graphique supporte jusqu&rsquo;\u00e0 4 \u00e9crans maximum.<br \/>\nAlimentation recommand\u00e9e : 550W<br \/>\nConnecteurs d&rsquo;alimentation : 1 x PCI-E 8 broches<br \/>\nDimensions (L x l x H)<\/p>\n<ul>\n<li>240 x 107.1 x 44.07 mm<\/li>\n<li>2.2 slots<\/li>\n<\/ul>\n","protected":false},"excerpt":{"rendered":"<h6 id=\"title\" class=\"a-size-large a-spacing-none\"><span id=\"productTitle\" class=\"a-size-large product-title-word-break\">Sapphire Pulse AMD Radeon RX 7600 Gaming 8GB GDDR6<\/span><\/h6>\n<p>Bas\u00e9e sur l&rsquo; architecture RDNA 3 , la carte graphique Sapphire Pulse AMD Radeon RX 7600 8 Go est con\u00e7ue pour le jeu en Full HD. Puissante et efficace, elle ravira les gamers et cr\u00e9atifs \u00e0 la recherche d&rsquo;une solution graphique performante et innovante. Des technologies avanc\u00e9es telles que AMD Radeon Super Resolution, AMD Smart Access Memory, AMD Radeon Boost, AMD FreeSync et AMD Radeon Anti-Lag vous permettent de vivre une exp\u00e9rience de jeu ultra fluide avec des graphismes spectaculaires.<\/p>\n","protected":false},"featured_media":24573,"comment_status":"open","ping_status":"closed","template":"","meta":[],"product_brand":[325],"product_cat":[310,345],"product_tag":[],"class_list":{"0":"post-24572","1":"product","2":"type-product","3":"status-publish","4":"has-post-thumbnail","6":"product_brand-amd","7":"product_cat-cartes-graphiques","8":"product_cat-sur-commande","10":"first","11":"onbackorder","12":"shipping-taxable","13":"purchasable","14":"product-type-simple"},"aioseo_notices":[],"jetpack_sharing_enabled":true,"_links":{"self":[{"href":"https:\/\/tekelec.ma\/index.php\/wp-json\/wp\/v2\/product\/24572","targetHints":{"allow":["GET"]}}],"collection":[{"href":"https:\/\/tekelec.ma\/index.php\/wp-json\/wp\/v2\/product"}],"about":[{"href":"https:\/\/tekelec.ma\/index.php\/wp-json\/wp\/v2\/types\/product"}],"replies":[{"embeddable":true,"href":"https:\/\/tekelec.ma\/index.php\/wp-json\/wp\/v2\/comments?post=24572"}],"version-history":[{"count":1,"href":"https:\/\/tekelec.ma\/index.php\/wp-json\/wp\/v2\/product\/24572\/revisions"}],"predecessor-version":[{"id":24577,"href":"https:\/\/tekelec.ma\/index.php\/wp-json\/wp\/v2\/product\/24572\/revisions\/24577"}],"wp:featuredmedia":[{"embeddable":true,"href":"https:\/\/tekelec.ma\/index.php\/wp-json\/wp\/v2\/media\/24573"}],"wp:attachment":[{"href":"https:\/\/tekelec.ma\/index.php\/wp-json\/wp\/v2\/media?parent=24572"}],"wp:term":[{"taxonomy":"product_brand","embeddable":true,"href":"https:\/\/tekelec.ma\/index.php\/wp-json\/wp\/v2\/product_brand?post=24572"},{"taxonomy":"product_cat","embeddable":true,"href":"https:\/\/tekelec.ma\/index.php\/wp-json\/wp\/v2\/product_cat?post=24572"},{"taxonomy":"product_tag","embeddable":true,"href":"https:\/\/tekelec.ma\/index.php\/wp-json\/wp\/v2\/product_tag?post=24572"}],"curies":[{"name":"wp","href":"https:\/\/api.w.org\/{rel}","templated":true}]}}