{"id":24647,"date":"2025-07-30T22:32:19","date_gmt":"2025-07-30T20:32:19","guid":{"rendered":"https:\/\/tekelec.ma\/?post_type=product&#038;p=24647"},"modified":"2025-07-30T22:32:29","modified_gmt":"2025-07-30T20:32:29","slug":"amd-ryzen-7-9800x3d","status":"publish","type":"product","link":"https:\/\/tekelec.ma\/index.php\/product\/amd-ryzen-7-9800x3d\/","title":{"rendered":"AMD Ryzen 7 9800x3D"},"content":{"rendered":"<p data-start=\"103\" data-end=\"197\">\ud83e\udde0 <strong data-start=\"106\" data-end=\"129\">AMD Ryzen 7 9800X3D<\/strong> \u2013 8 C\u0153urs \/ 16 Threads \/ Jusqu\u2019\u00e0 5.2 GHz \/ Socket AM5 \/ 3D V-Cache\u2122<\/p>\n<p data-start=\"199\" data-end=\"484\">Le <strong data-start=\"202\" data-end=\"221\">Ryzen 7 9800X3D<\/strong> repr\u00e9sente le nec plus ultra de la performance gaming selon AMD. Gr\u00e2ce \u00e0 sa technologie exclusive <strong data-start=\"320\" data-end=\"335\">3D V-Cache\u2122<\/strong>, il offre une m\u00e9moire cache massive pour une latence r\u00e9duite et des performances explosives en jeu, m\u00eame dans les environnements les plus exigeants.<\/p>\n<h4 data-start=\"486\" data-end=\"523\">\u2699\ufe0f Caract\u00e9ristiques principales :<\/h4>\n<ul data-start=\"524\" data-end=\"936\">\n<li data-start=\"524\" data-end=\"607\">\n<p data-start=\"526\" data-end=\"607\">\u2705 <strong data-start=\"528\" data-end=\"550\">Architecture Zen 5<\/strong> \u2013 optimis\u00e9e pour des performances par watt sup\u00e9rieures<\/p>\n<\/li>\n<li data-start=\"608\" data-end=\"677\">\n<p data-start=\"610\" data-end=\"677\">\ud83e\udde0 <strong data-start=\"613\" data-end=\"637\">8 c\u0153urs \u2013 16 threads<\/strong> pour un multit\u00e2che fluide et efficace<\/p>\n<\/li>\n<li data-start=\"678\" data-end=\"729\">\n<p data-start=\"680\" data-end=\"729\">\ud83d\ude80 <strong data-start=\"683\" data-end=\"705\">Fr\u00e9quence maximale<\/strong> : Jusqu\u2019\u00e0 <strong data-start=\"716\" data-end=\"727\">5.2 GHz<\/strong><\/p>\n<\/li>\n<li data-start=\"730\" data-end=\"811\">\n<p data-start=\"732\" data-end=\"811\">\ud83e\uddee <strong data-start=\"735\" data-end=\"760\">Compatible Socket AM5<\/strong> \u2013 pr\u00eat pour les cartes m\u00e8res nouvelle g\u00e9n\u00e9ration<\/p>\n<\/li>\n<li data-start=\"812\" data-end=\"891\">\n<p data-start=\"814\" data-end=\"891\">\ud83d\udd25 <strong data-start=\"817\" data-end=\"844\">Technologie 3D V-Cache\u2122<\/strong> : plus de cache pour un gaming ultra-r\u00e9actif<\/p>\n<\/li>\n<li data-start=\"892\" data-end=\"936\">\n<p data-start=\"894\" data-end=\"936\">\u2744\ufe0f Refroidissement recommand\u00e9 (non inclus)<\/p>\n<\/li>\n<\/ul>\n<p data-start=\"938\" data-end=\"1107\">Id\u00e9al pour les gamers exigeants, streamers ou cr\u00e9ateurs de contenu, le <strong data-start=\"1009\" data-end=\"1028\">Ryzen 7 9800X3D<\/strong> allie <strong data-start=\"1035\" data-end=\"1052\">vitesse brute<\/strong> et <strong data-start=\"1056\" data-end=\"1082\">intelligence de calcul<\/strong> dans un seul processeur.<\/p>\n","protected":false},"excerpt":{"rendered":"<h6 class=\"thread-title\"><span class=\"text--b size--all-xl size--fromW3-xxl\">Processeur AMD Ryzen 7 9800x3D &#8211; 8 Coeurs 16 Threads, Jusqu\u2019a 5.2 Ghz, Socket AM5<\/span><\/h6>\n<p>Con\u00e7u pour le gaming, le processeur AMD Ryzen 7 9800X3D bas\u00e9 sur l&rsquo;architecture Zen 5 et dot\u00e9 de la technologie AMD 3D V-Cache vous permet d&rsquo;atteindre de nouveaux sommets. Avec des fr\u00e9quences d&rsquo;images plus fluides et des performances spectaculaires, ce processeur haut de gamme vous garantit d&rsquo;enchainer les parties sans efforts.<\/p>\n","protected":false},"featured_media":24648,"comment_status":"open","ping_status":"closed","template":"","meta":[],"product_brand":[325],"product_cat":[307,345],"product_tag":[],"class_list":{"0":"post-24647","1":"product","2":"type-product","3":"status-publish","4":"has-post-thumbnail","6":"product_brand-amd","7":"product_cat-processeurs","8":"product_cat-sur-commande","10":"first","11":"onbackorder","12":"shipping-taxable","13":"purchasable","14":"product-type-simple"},"aioseo_notices":[],"jetpack_sharing_enabled":true,"_links":{"self":[{"href":"https:\/\/tekelec.ma\/index.php\/wp-json\/wp\/v2\/product\/24647","targetHints":{"allow":["GET"]}}],"collection":[{"href":"https:\/\/tekelec.ma\/index.php\/wp-json\/wp\/v2\/product"}],"about":[{"href":"https:\/\/tekelec.ma\/index.php\/wp-json\/wp\/v2\/types\/product"}],"replies":[{"embeddable":true,"href":"https:\/\/tekelec.ma\/index.php\/wp-json\/wp\/v2\/comments?post=24647"}],"version-history":[{"count":1,"href":"https:\/\/tekelec.ma\/index.php\/wp-json\/wp\/v2\/product\/24647\/revisions"}],"predecessor-version":[{"id":24649,"href":"https:\/\/tekelec.ma\/index.php\/wp-json\/wp\/v2\/product\/24647\/revisions\/24649"}],"wp:featuredmedia":[{"embeddable":true,"href":"https:\/\/tekelec.ma\/index.php\/wp-json\/wp\/v2\/media\/24648"}],"wp:attachment":[{"href":"https:\/\/tekelec.ma\/index.php\/wp-json\/wp\/v2\/media?parent=24647"}],"wp:term":[{"taxonomy":"product_brand","embeddable":true,"href":"https:\/\/tekelec.ma\/index.php\/wp-json\/wp\/v2\/product_brand?post=24647"},{"taxonomy":"product_cat","embeddable":true,"href":"https:\/\/tekelec.ma\/index.php\/wp-json\/wp\/v2\/product_cat?post=24647"},{"taxonomy":"product_tag","embeddable":true,"href":"https:\/\/tekelec.ma\/index.php\/wp-json\/wp\/v2\/product_tag?post=24647"}],"curies":[{"name":"wp","href":"https:\/\/api.w.org\/{rel}","templated":true}]}}