{"id":24662,"date":"2025-08-02T16:15:36","date_gmt":"2025-08-02T14:15:36","guid":{"rendered":"https:\/\/tekelec.ma\/?post_type=product&#038;p=24662"},"modified":"2025-08-02T16:16:00","modified_gmt":"2025-08-02T14:16:00","slug":"ssd-interne-m2-nvme-orico-og7000-2-to","status":"publish","type":"product","link":"https:\/\/tekelec.ma\/index.php\/product\/ssd-interne-m2-nvme-orico-og7000-2-to\/","title":{"rendered":"SSD interne M2 NVMe Orico OG7000 &#8211; 2 To"},"content":{"rendered":"<p data-start=\"515\" data-end=\"768\">Capable d\u2019atteindre des vitesses de lecture et d\u2019\u00e9criture ultra-rapides (jusqu\u2019\u00e0 <strong data-start=\"596\" data-end=\"609\">7000 Mo\/s<\/strong> selon le mod\u00e8le), le OG7000 garantit un <strong data-start=\"650\" data-end=\"679\">temps de d\u00e9marrage r\u00e9duit<\/strong>, un <strong data-start=\"684\" data-end=\"726\">chargement instantan\u00e9 des applications<\/strong> et des <strong data-start=\"734\" data-end=\"767\">transferts de donn\u00e9es fluides<\/strong>.<\/p>\n<p data-start=\"770\" data-end=\"800\">\ud83d\udd27 <strong data-start=\"773\" data-end=\"798\">Sp\u00e9cifications cl\u00e9s :<\/strong><\/p>\n<ul data-start=\"801\" data-end=\"1032\">\n<li data-start=\"801\" data-end=\"843\">\n<p data-start=\"803\" data-end=\"843\">Interface : <strong data-start=\"815\" data-end=\"841\">PCIe Gen4 x4, NVMe 1.4<\/strong><\/p>\n<\/li>\n<li data-start=\"844\" data-end=\"867\">\n<p data-start=\"846\" data-end=\"867\">Capacit\u00e9 : <strong data-start=\"857\" data-end=\"865\">2 To<\/strong><\/p>\n<\/li>\n<li data-start=\"868\" data-end=\"914\">\n<p data-start=\"870\" data-end=\"914\">Vitesse de lecture : jusqu\u2019\u00e0 <strong data-start=\"899\" data-end=\"912\">7000 Mo\/s<\/strong><\/p>\n<\/li>\n<li data-start=\"915\" data-end=\"961\">\n<p data-start=\"917\" data-end=\"961\">Vitesse d\u2019\u00e9criture : jusqu\u2019\u00e0 <strong data-start=\"946\" data-end=\"959\">6500 Mo\/s<\/strong><\/p>\n<\/li>\n<li data-start=\"962\" data-end=\"987\">\n<p data-start=\"964\" data-end=\"987\">Format : <strong data-start=\"973\" data-end=\"985\">M.2 2280<\/strong><\/p>\n<\/li>\n<li data-start=\"988\" data-end=\"1032\">\n<p data-start=\"990\" data-end=\"1032\">Technologie de gestion thermique avanc\u00e9e<\/p>\n<\/li>\n<\/ul>\n<p data-start=\"1034\" data-end=\"1206\">\ud83d\udcbc <strong data-start=\"1037\" data-end=\"1053\">Con\u00e7u pour :<\/strong><br data-start=\"1053\" data-end=\"1056\" \/>Les gamers, monteurs vid\u00e9o, d\u00e9veloppeurs et tous ceux qui recherchent une <strong data-start=\"1130\" data-end=\"1172\">solution de stockage haute performance<\/strong> dans un format compact et fiable.<\/p>\n","protected":false},"excerpt":{"rendered":"<p data-start=\"110\" data-end=\"206\">\u26a1 <strong data-start=\"112\" data-end=\"156\">SSD Interne M.2 NVMe Orico OG7000 &#8211; 2 To<\/strong><br data-start=\"156\" data-end=\"159\" \/><strong data-start=\"159\" data-end=\"206\">Performance, fiabilit\u00e9 et rapidit\u00e9 r\u00e9unies.<\/strong><\/p>\n<p data-start=\"208\" data-end=\"513\">Donnez un coup d\u2019acc\u00e9l\u00e9rateur \u00e0 votre machine avec le <strong data-start=\"262\" data-end=\"278\">Orico OG7000<\/strong>, un <strong data-start=\"283\" data-end=\"308\">SSD NVMe PCIe Gen4 x4<\/strong> au format compact <strong data-start=\"327\" data-end=\"339\">M.2 2280<\/strong>, con\u00e7u pour les utilisateurs exigeants. Avec une capacit\u00e9 g\u00e9n\u00e9reuse de <strong data-start=\"411\" data-end=\"419\">2 To<\/strong>, il offre suffisamment d\u2019espace pour vos jeux, projets professionnels et fichiers multim\u00e9dia.<\/p>\n","protected":false},"featured_media":24663,"comment_status":"open","ping_status":"closed","template":"","meta":[],"product_brand":[],"product_cat":[312,345],"product_tag":[],"class_list":{"0":"post-24662","1":"product","2":"type-product","3":"status-publish","4":"has-post-thumbnail","6":"product_cat-stockage","7":"product_cat-sur-commande","9":"first","10":"onbackorder","11":"shipping-taxable","12":"purchasable","13":"product-type-simple"},"aioseo_notices":[],"jetpack_sharing_enabled":true,"_links":{"self":[{"href":"https:\/\/tekelec.ma\/index.php\/wp-json\/wp\/v2\/product\/24662","targetHints":{"allow":["GET"]}}],"collection":[{"href":"https:\/\/tekelec.ma\/index.php\/wp-json\/wp\/v2\/product"}],"about":[{"href":"https:\/\/tekelec.ma\/index.php\/wp-json\/wp\/v2\/types\/product"}],"replies":[{"embeddable":true,"href":"https:\/\/tekelec.ma\/index.php\/wp-json\/wp\/v2\/comments?post=24662"}],"version-history":[{"count":2,"href":"https:\/\/tekelec.ma\/index.php\/wp-json\/wp\/v2\/product\/24662\/revisions"}],"predecessor-version":[{"id":24667,"href":"https:\/\/tekelec.ma\/index.php\/wp-json\/wp\/v2\/product\/24662\/revisions\/24667"}],"wp:featuredmedia":[{"embeddable":true,"href":"https:\/\/tekelec.ma\/index.php\/wp-json\/wp\/v2\/media\/24663"}],"wp:attachment":[{"href":"https:\/\/tekelec.ma\/index.php\/wp-json\/wp\/v2\/media?parent=24662"}],"wp:term":[{"taxonomy":"product_brand","embeddable":true,"href":"https:\/\/tekelec.ma\/index.php\/wp-json\/wp\/v2\/product_brand?post=24662"},{"taxonomy":"product_cat","embeddable":true,"href":"https:\/\/tekelec.ma\/index.php\/wp-json\/wp\/v2\/product_cat?post=24662"},{"taxonomy":"product_tag","embeddable":true,"href":"https:\/\/tekelec.ma\/index.php\/wp-json\/wp\/v2\/product_tag?post=24662"}],"curies":[{"name":"wp","href":"https:\/\/api.w.org\/{rel}","templated":true}]}}