{"id":24694,"date":"2025-08-04T23:08:54","date_gmt":"2025-08-04T21:08:54","guid":{"rendered":"https:\/\/tekelec.ma\/?post_type=product&#038;p=24694"},"modified":"2025-08-04T23:09:51","modified_gmt":"2025-08-04T21:09:51","slug":"alimentation-pc-modulaire-msi-mpg-a850g-pcie5","status":"publish","type":"product","link":"https:\/\/tekelec.ma\/index.php\/product\/alimentation-pc-modulaire-msi-mpg-a850g-pcie5\/","title":{"rendered":"Alimentation PC modulaire MSI MPG A850G PCIE5"},"content":{"rendered":"<p data-start=\"109\" data-end=\"431\">\u26a1 <strong data-start=\"111\" data-end=\"193\">MSI MPG A850G PCIe5 &#8211; 850W de puissance fiable pour les PC nouvelle g\u00e9n\u00e9ration<\/strong><br data-start=\"193\" data-end=\"196\" \/>Pr\u00e9parez votre configuration aux d\u00e9fis de demain avec l\u2019<strong data-start=\"252\" data-end=\"298\">alimentation modulaire MSI MPG A850G PCIe5<\/strong>, con\u00e7ue selon les derni\u00e8res normes <strong data-start=\"334\" data-end=\"345\">ATX 3.1<\/strong> et <strong data-start=\"349\" data-end=\"361\">PCIe 5.0<\/strong>, id\u00e9ale pour les cartes graphiques puissantes comme les <strong data-start=\"418\" data-end=\"430\">RTX 4000<\/strong>.<\/p>\n<p data-start=\"433\" data-end=\"463\">\ud83d\udd0b <strong data-start=\"436\" data-end=\"461\">Sp\u00e9cifications cl\u00e9s :<\/strong><\/p>\n<ul data-start=\"464\" data-end=\"887\">\n<li data-start=\"464\" data-end=\"526\">\n<p data-start=\"466\" data-end=\"526\">\ud83d\udd0c <strong data-start=\"469\" data-end=\"490\">Puissance de 850W<\/strong> pour des composants haut de gamme.<\/p>\n<\/li>\n<li data-start=\"527\" data-end=\"613\">\n<p data-start=\"529\" data-end=\"613\">\ud83e\udde9 <strong data-start=\"532\" data-end=\"557\">Enti\u00e8rement modulaire<\/strong> : gestion de c\u00e2bles simplifi\u00e9e et flux d\u2019air optimis\u00e9.<\/p>\n<\/li>\n<li data-start=\"614\" data-end=\"730\">\n<p data-start=\"616\" data-end=\"730\">\ud83c\udf1f <strong data-start=\"619\" data-end=\"679\">Double certification : 80 Plus Gold &amp; Cybenetics Gold\/A-<\/strong> pour une efficacit\u00e9 et une fiabilit\u00e9 sup\u00e9rieures.<\/p>\n<\/li>\n<li data-start=\"731\" data-end=\"808\">\n<p data-start=\"733\" data-end=\"808\">\u2699\ufe0f <strong data-start=\"736\" data-end=\"769\">Connecteur 12VHPWR (PCIe 5.0)<\/strong> : pr\u00eat pour les GPU les plus r\u00e9cents.<\/p>\n<\/li>\n<li data-start=\"809\" data-end=\"887\">\n<p data-start=\"811\" data-end=\"887\">\ud83c\udf2c\ufe0f <strong data-start=\"815\" data-end=\"841\">Ventilateur FDB 135 mm<\/strong> ultra-silencieux avec arr\u00eat \u00e0 faible charge.<\/p>\n<\/li>\n<\/ul>\n<p data-start=\"889\" data-end=\"1035\">\ud83d\udca1 <strong data-start=\"892\" data-end=\"917\">Pourquoi la choisir ?<\/strong><br data-start=\"917\" data-end=\"920\" \/>Robuste, silencieuse et efficace, c\u2019est l\u2019alimentation parfaite pour les gamers, cr\u00e9ateurs et passionn\u00e9s exigeants.<\/p>\n","protected":false},"excerpt":{"rendered":"<p><strong>Alimentation PC moAlimentation PC modulaire MSI MPG A850G PCIE5<\/strong><\/p>\n<p>850W, Cybenetics Gold &amp; A-, 80+ Gold, ATX 3.1dulaire MSI MPG A850G PCIE5 &#8211; 850W, Cybenetics Gold &amp; A-, 80+ Gold, ATX 3.1<\/p>\n","protected":false},"featured_media":24699,"comment_status":"open","ping_status":"closed","template":"","meta":[],"product_brand":[],"product_cat":[313,345],"product_tag":[],"class_list":{"0":"post-24694","1":"product","2":"type-product","3":"status-publish","4":"has-post-thumbnail","6":"product_cat-alimentations","7":"product_cat-sur-commande","9":"first","10":"onbackorder","11":"shipping-taxable","12":"purchasable","13":"product-type-simple"},"aioseo_notices":[],"jetpack_sharing_enabled":true,"_links":{"self":[{"href":"https:\/\/tekelec.ma\/index.php\/wp-json\/wp\/v2\/product\/24694","targetHints":{"allow":["GET"]}}],"collection":[{"href":"https:\/\/tekelec.ma\/index.php\/wp-json\/wp\/v2\/product"}],"about":[{"href":"https:\/\/tekelec.ma\/index.php\/wp-json\/wp\/v2\/types\/product"}],"replies":[{"embeddable":true,"href":"https:\/\/tekelec.ma\/index.php\/wp-json\/wp\/v2\/comments?post=24694"}],"version-history":[{"count":2,"href":"https:\/\/tekelec.ma\/index.php\/wp-json\/wp\/v2\/product\/24694\/revisions"}],"predecessor-version":[{"id":24701,"href":"https:\/\/tekelec.ma\/index.php\/wp-json\/wp\/v2\/product\/24694\/revisions\/24701"}],"wp:featuredmedia":[{"embeddable":true,"href":"https:\/\/tekelec.ma\/index.php\/wp-json\/wp\/v2\/media\/24699"}],"wp:attachment":[{"href":"https:\/\/tekelec.ma\/index.php\/wp-json\/wp\/v2\/media?parent=24694"}],"wp:term":[{"taxonomy":"product_brand","embeddable":true,"href":"https:\/\/tekelec.ma\/index.php\/wp-json\/wp\/v2\/product_brand?post=24694"},{"taxonomy":"product_cat","embeddable":true,"href":"https:\/\/tekelec.ma\/index.php\/wp-json\/wp\/v2\/product_cat?post=24694"},{"taxonomy":"product_tag","embeddable":true,"href":"https:\/\/tekelec.ma\/index.php\/wp-json\/wp\/v2\/product_tag?post=24694"}],"curies":[{"name":"wp","href":"https:\/\/api.w.org\/{rel}","templated":true}]}}