{"id":24718,"date":"2025-08-08T22:46:19","date_gmt":"2025-08-08T20:46:19","guid":{"rendered":"https:\/\/tekelec.ma\/?post_type=product&#038;p=24718"},"modified":"2025-08-08T22:46:47","modified_gmt":"2025-08-08T20:46:47","slug":"clavier-mecanique-sans-fil-corsair-k70-pro-mini","status":"publish","type":"product","link":"https:\/\/tekelec.ma\/index.php\/product\/clavier-mecanique-sans-fil-corsair-k70-pro-mini\/","title":{"rendered":"Clavier m\u00e9canique sans fil Corsair K70 Pro Mini"},"content":{"rendered":"<p data-start=\"57\" data-end=\"898\"><strong data-start=\"57\" data-end=\"166\">Clavier m\u00e9canique sans fil Corsair K70 Pro Mini \u2013 Switchs Cherry MX Red, Keycaps PBT Double-Shot \u2013 AZERTY<\/strong><br data-start=\"166\" data-end=\"169\" \/>Le <strong data-start=\"172\" data-end=\"196\">Corsair K70 Pro Mini<\/strong> est un clavier m\u00e9canique compact au format 60 % qui combine <strong data-start=\"257\" data-end=\"308\">performance, r\u00e9activit\u00e9 et design haut de gamme<\/strong>. \u00c9quip\u00e9 de <strong data-start=\"320\" data-end=\"345\" data-is-only-node=\"\">switchs Cherry MX Red<\/strong> lin\u00e9aires, il offre une frappe fluide et silencieuse, id\u00e9ale pour le gaming comp\u00e9titif.<br data-start=\"433\" data-end=\"436\" \/>Ses <strong data-start=\"440\" data-end=\"483\">capuchons de touches en PBT double-shot<\/strong> assurent une excellente durabilit\u00e9 et une r\u00e9sistance \u00e0 l\u2019usure, m\u00eame apr\u00e8s des milliers d\u2019heures de jeu. Gr\u00e2ce \u00e0 sa <strong data-start=\"600\" data-end=\"640\">connexion sans fil rapide Slipstream<\/strong> ou via <strong data-start=\"648\" data-end=\"657\">USB-C<\/strong>, il garantit une latence ultra-faible et une compatibilit\u00e9 optimale.<br data-start=\"726\" data-end=\"729\" \/>Personnalisez-le avec un <strong data-start=\"754\" data-end=\"797\">r\u00e9tro\u00e9clairage RGB dynamique par touche<\/strong>, et profitez d\u2019une autonomie longue dur\u00e9e pour jouer partout, sans compromis sur les performances.<\/p>\n<ul>\n<li>Un syst\u00e8me personnalis\u00e9 : un clavier gaming sans fil \u00e0 hautes performances dans un format compact 60 % ; hautement personnalisable avec des switchs MX amovibles et la technologie LightEdge RGB 360\u00b0<\/li>\n<li>Trois moyens de connexion : technologie ultrarapide et inf\u00e9rieure \u00e0 1 ms SLIPSTREAM WIRELESS, le Bluetooth \u00e0 faible latence ou un c\u00e2ble USB, avec un taux d\u2019interrogation de 8 000 Hz CORSAIR AXON<\/li>\n<li>Switchs de touche CHERRY MX Red amovibles : 100 millions de frappes garanties, qui sont faciles \u00e0 remplacer par n\u2019importe quelle combinaison de switchs \u00e0 3 broches compatibles MX<\/li>\n<li>Format 60 % et ch\u00e2ssis en aluminium : le format miniature permet une int\u00e9gration ais\u00e9e dans les plus petits espaces \u00e0 la maison ou en d\u00e9placement, le tout dans un ch\u00e2ssis en aluminium durable<\/li>\n<li>Autonomie de batterie \u00e9tendue avec RGB: profitez d\u2019un maximum de 32 h d\u2019autonomie sans fil avec un r\u00e9tro\u00e9clairage RGB, ou avec un maximum de 200 heures d\u2019autonomie avec le r\u00e9tro\u00e9clairage \u00e9teint<\/li>\n<li>Compatibilit\u00e9 du clavier : PC ou Mac avec un port USB 3.0 ou sup\u00e9rieur de type A|Windows 10, 11|macOS 10.15 ou ult\u00e9rieur|Connexion Internet pour le t\u00e9l\u00e9chargement du logiciel iCUE.<\/li>\n<\/ul>\n<p data-start=\"57\" data-end=\"898\">.<\/p>\n","protected":false},"excerpt":{"rendered":"<p class=\"thread-title\"><strong><span class=\"text--b size--all-xl size--fromW3-xxl\">Clavier m\u00e9canique sans fil <\/span><\/strong><strong data-start=\"48\" data-end=\"88\">Corsair K70 Pro Mini \u2013 Cherry MX Red<\/strong><br data-start=\"88\" data-end=\"91\" \/>Clavier m\u00e9canique <strong data-start=\"109\" data-end=\"126\">sans fil 60 %<\/strong> ultra-compact, switches <strong data-start=\"151\" data-end=\"168\">Cherry MX Red<\/strong> pour une frappe fluide et rapide, <strong data-start=\"203\" data-end=\"230\" data-is-only-node=\"\">keycaps PBT double-shot<\/strong> ultra-durables, connexion <strong data-start=\"257\" data-end=\"284\">Slipstream sans latence<\/strong> ou <strong data-start=\"288\" data-end=\"297\">USB-C<\/strong>, et <strong data-start=\"302\" data-end=\"320\">RGB par touche<\/strong> pour un style unique.<\/p>\n","protected":false},"featured_media":24726,"comment_status":"open","ping_status":"closed","template":"","meta":[],"product_brand":[],"product_cat":[314,319,345],"product_tag":[],"class_list":{"0":"post-24718","1":"product","2":"type-product","3":"status-publish","4":"has-post-thumbnail","6":"product_cat-accessoires","7":"product_cat-clavier","8":"product_cat-sur-commande","10":"first","11":"onbackorder","12":"shipping-taxable","13":"purchasable","14":"product-type-simple"},"aioseo_notices":[],"jetpack_sharing_enabled":true,"_links":{"self":[{"href":"https:\/\/tekelec.ma\/index.php\/wp-json\/wp\/v2\/product\/24718","targetHints":{"allow":["GET"]}}],"collection":[{"href":"https:\/\/tekelec.ma\/index.php\/wp-json\/wp\/v2\/product"}],"about":[{"href":"https:\/\/tekelec.ma\/index.php\/wp-json\/wp\/v2\/types\/product"}],"replies":[{"embeddable":true,"href":"https:\/\/tekelec.ma\/index.php\/wp-json\/wp\/v2\/comments?post=24718"}],"version-history":[{"count":2,"href":"https:\/\/tekelec.ma\/index.php\/wp-json\/wp\/v2\/product\/24718\/revisions"}],"predecessor-version":[{"id":24728,"href":"https:\/\/tekelec.ma\/index.php\/wp-json\/wp\/v2\/product\/24718\/revisions\/24728"}],"wp:featuredmedia":[{"embeddable":true,"href":"https:\/\/tekelec.ma\/index.php\/wp-json\/wp\/v2\/media\/24726"}],"wp:attachment":[{"href":"https:\/\/tekelec.ma\/index.php\/wp-json\/wp\/v2\/media?parent=24718"}],"wp:term":[{"taxonomy":"product_brand","embeddable":true,"href":"https:\/\/tekelec.ma\/index.php\/wp-json\/wp\/v2\/product_brand?post=24718"},{"taxonomy":"product_cat","embeddable":true,"href":"https:\/\/tekelec.ma\/index.php\/wp-json\/wp\/v2\/product_cat?post=24718"},{"taxonomy":"product_tag","embeddable":true,"href":"https:\/\/tekelec.ma\/index.php\/wp-json\/wp\/v2\/product_tag?post=24718"}],"curies":[{"name":"wp","href":"https:\/\/api.w.org\/{rel}","templated":true}]}}